n - 10. Calculate the highest common divisor of 8 and n.
8
Let p(i) = -28*i - 12. Let y be p(-1). Calculate the highest common factor of 12 and y.
4
Let z be (1 - 2) + 1/(-2)*4. Let c be 4/(z/2*(-1)/18). What is the highest common factor of 32 and c?
16
Suppose -1667 + 1733 = 11*b. What is the highest common factor of b and 128?
2
Suppose 2*u - f - 911 - 1748 = 0, 0 = -2*u - 4*f + 2674. What is the highest common factor of u and 44?
11
Let p(t) = -3*t**3 - 9*t**2 + 8*t + 4. Let s be p(-8). Suppose -s = -4*i - 200. What is the highest common divisor of 35 and i?
35
Let x = -6 - 13. Let b be 15/25 - 43/5. Let v = b - x. Calculate the greatest common divisor of v and 88.
11
Let t(g) = -g**3 - g**2 + 21*g + 6. Suppose 5*j + 7*h + 21 = 3*h, 2*h = 2. Let v be t(j). What is the highest common divisor of v and 5?
1
Let y be (12/10)/((-470)/(-16450)). Let f(j) = -3*j - 3. Let u = -5 + 2. Let z be f(u). What is the greatest common divisor of y and z?
6
Let y(p) = -2*p - 11 - p**2 - 9 + 2*p**2 + 3. Let d be y(-6). Let f be 3*(-62)/6*-2. Calculate the greatest common divisor of d and f.
31
Let x(s) = s**2 - 21*s - 12. Let l be x(28). Calculate the greatest common divisor of 16 and l.
8
Let r be 1/(2/(-40)*-2). Suppose 4*k - 6*k = -r. Suppose k - 2 = -3*a - 3*b, 0 = a - 2*b - 8. Calculate the highest common factor of 6 and a.
2
Suppose 0 = -12*i - 65 + 269. Let r = 40 + i. Calculate the highest common factor of 38 and r.
19
Suppose 0 = -0*d - 6*d + 114. Let i = 35 - d. What is the highest common divisor of i and 4?
4
Let x be 10/(-4 + -1) + 106/2. What is the highest common divisor of x and 1173?
51
Suppose r + 4*h + 13 = h, -5*h - 19 = -r. Let s be (236/10 - r) + (-28)/(-70). Calculate the highest common factor of s and 125.
25
Let j be (-48)/5*960/(-36). Suppose -8 = 4*a + 32. Let l be ((-4)/a)/(6/480). What is the greatest common divisor of j and l?
32
Let w be (7137/6)/13 - (-2)/(-4). What is the greatest common factor of 104 and w?
13
Suppose -47 = -4*n + 5*b, -7*b = -3*n - 2*b + 34. Calculate the highest common divisor of 793 and n.
13
Let d(a) = -a**2 - a. Let c be d(-1). Suppose c = 5*l - 578 + 138. Calculate the greatest common divisor of l and 11.
11
Let d(t) = 4*t - 9. Let q be d(4). Let a(n) = 0 - 5 + 1 + 10*n. Let z be a(q). What is the greatest common factor of z and 165?
33
Let y(r) = -15*r - 10. Let t be y(-5). Suppose -b - 5*g - t = -3*b, -2*b + 3*g + 63 = 0. Calculate the greatest common divisor of 10 and b.
10
Suppose -148 + 52 = -2*g + 2*q, 2*g = -3*q + 86. Calculate the greatest common factor of g and 115.
23
Suppose 5*q - 322 = 5*f - 117, -f + 1 = 0. Suppose 78 = 4*x - 218. Let u = x + -46. What is the greatest common divisor of q and u?
14
Let b = 29 + 30. Calculate the greatest common factor of b and 826.
59
Suppose -46*h = -59*h + 5265. Calculate the highest common factor of 27 and h.
27
Let l(i) = -2*i**2 - 34*i - 33. Let y be l(-16). Let z be 9 - y/(2/(-6)). Calculate the highest common factor of 27 and z.
3
Let l = -17 - 88. Let x be ((-18)/8)/3 + l/(-12). What is the highest common divisor of x and 40?
8
Suppose -225 = -2*k + 87. What is the greatest common factor of k and 24?
12
Let p(z) = -51*z**3 + 3*z**2 - z - 4. Let o be p(-2). Calculate the greatest common factor of 44 and o.
22
Let m(q) = q**3 - 4*q**2 - q + 5. Let d be 13/3 + 4/(-3). Let h be m(d). Let a = h + 18. Calculate the greatest common factor of a and 55.
11
Let k(y) = -3*y**2 + 25*y - 2. Suppose 9 = 3*z - q - 11, -28 = -5*z + 3*q. Let g be k(z). What is the highest common factor of g and 15?
3
Suppose 2*x = -6 + 24. What is the highest common divisor of 123 and x?
3
Let o = 12 - 9. Suppose -y + u + 6 = 0, o*u + 1 = y + 7*u. Suppose -5*b = -y*g - 5, 8 = 4*b + 4*g - 12. What is the greatest common divisor of b and 27?
3
Let m(r) = -r**2 - 8*r + 2. Let f be (2/((-2)/(-1)))/(3/(-24)). Let d be m(f). What is the highest common factor of d and 4?
2
Let h(z) = -2*z**3 - 37*z**2 - 33*z - 20. Let d be h(-18). Calculate the greatest common factor of 50 and d.
50
Let i(o) = o**3 - 5*o**2 - 3*o - 4. Let m be i(5). Let q = m + 14. Let v be q/((-15)/36) - 1. What is the greatest common divisor of v and 44?
11
Let w be (-8156)/(-14) + ((-162)/63)/(-6). What is the highest common factor of 11 and w?
11
Suppose -21*s + 256 = -17*s. Suppose 0*y + 4*m = y, 5*y = 2*m + 36. What is the highest common divisor of y and s?
8
Suppose 0 = l - 5, 5*l = q + 13 + 12. Let x be (q - 3)/(1/(-12)). Let u = 57 - x. What is the highest common factor of 126 and u?
21
Suppose 14*w - 20 = 50. Suppose s - 2 = w. Calculate the greatest common divisor of s and 7.
7
Let s = 77 - -418. What is the highest common divisor of 135 and s?
45
Let v be 84/(-63)*(-6)/4. Let x(i) = 13*i**3 - i**2 + i + 3. Let h be x(v). What is the highest common factor of h and 21?
21
Let t = -329 - -377. What is the greatest common divisor of t and 12?
12
Let s be 2435/30 + (-7)/42. What is the highest common divisor of 3 and s?
3
Let g = 17 - 6. Suppose 4*t - x - 2*x = 302, 4*x = -3*t + 239. Calculate the greatest common factor of t and g.
11
Let w(g) = -g**3 + 20*g**2 + 18*g - 52. Let l be w(19). What is the greatest common divisor of l and 21?
21
Let z = -991 - -1112. What is the greatest common divisor of z and 1210?
121
Suppose 2*r + 54 = 8*r. Let p(l) = 2*l - 13. Let s be p(r). Suppose 7 = s*i - 8. Calculate the greatest common divisor of 3 and i.
3
Suppose 0*o = -2*u + 2*o + 8, 3*u + 3*o - 42 = 0. Suppose 2*g + 3*g = 1350. Suppose 6*q = -0*q + g. Calculate the highest common factor of u and q.
9
Suppose 2*g - 6*g = 5*c - 280, g + 168 = 3*c. Calculate the greatest common factor of c and 98.
14
Let y(n) = -42*n - 30. Let o be y(-2). Calculate the greatest common divisor of o and 90.
18
Let k be 61/3*(-7 - -1). Let v = 192 + k. Let o be 8/(-20) + (-111)/(-15). Calculate the highest common factor of v and o.
7
Let b = -12 - -35. Let q = b - 19. Suppose -q*o + 14 = -50. Calculate the greatest common divisor of o and 64.
16
Suppose -2*a + 36 = a. Suppose -4*x + 6 = 2*n, -n - 12 = -3*x - 0*x. What is the highest common factor of x and a?
3
Suppose -9*k + 13*k = -5*h + 68, -3*k + 3*h = -24. What is the highest common factor of 114 and k?
6
Let y(s) = -s**3 + 15*s**2 - 2*s + 30. Let b be y(15). Suppose -24 = -5*c + 4*m, 5*m = -5*c - b*c + 60. Calculate the highest common divisor of c and 24.
8
Let d = -26 + 33. Let m = d + -5. Let i be (m/4)/((-1)/(-14)). What is the highest common divisor of 28 and i?
7
Let k be 0 + -1 - (1 - 3). Let s = 320 - 319. Calculate the greatest common factor of k and s.
1
Let v(w) = -4*w**2 - 136*w - 62. Let f be v(-33). Calculate the greatest common factor of 120 and f.
10
Let r(o) = 3*o + 6. Let m be r(-9). Let g be (-6)/m + 2514/21. Calculate the highest common divisor of g and 15.
15
Let f = 40 + -38. Suppose q = -h + f*h + 36, 0 = -4*h - 20. What is the greatest common factor of 93 and q?
31
Suppose 5*f - 21 - 71 = -4*g, -5*f = 2*g - 56. Let p = 98 + 100. Calculate the greatest common divisor of p and g.
18
Suppose 2 = k - 2. Suppose -13*a + 7 + 19 = 0. Calculate the highest common divisor of a and k.
2
Let z be 12*((-5)/(-2) - -3). Suppose -c - z = -2*c. What is the greatest common factor of 6 and c?
6
Let i(d) = -d + 33. Let c be i(3). Suppose 0 = -0*w + 3*w - 270. What is the highest common factor of c and w?
30
Suppose -17*t - 16 = -25*t. Suppose -i = -2*l + 202, t*i = 5*l - 3*l - 206. Calculate the greatest common factor of 11 and l.
11
Let k(f) = 3*f**2 + 6*f - 14. Let z be k(-4). Calculate the greatest common divisor of 4 and z.
2
Suppose 36 = -2*x + 5*x. Let o = 132 + -124. Calculate the greatest common divisor of x and o.
4
Suppose -1155 + 1179 = q. What is the greatest common factor of q and 84?
12
Let g be 2*(-1)/9 + 124/(-9). Let z be 233 - (-40)/(-70)*g/(-4). Calculate the highest common divisor of z and 21.
21
Let c = -227 + 271. Let w be -3*2/(-3) - -2. Calculate the highest common divisor of w and c.
4
Suppose 6*u + 4*t = u + 24, -2*u = 3*t - 11. Let r = 167 + -135. Calculate the highest common divisor of r and u.
4
Let c = -116 + 126. What is the greatest common factor of 10 and c?
10
Let d(k) = 18*k**2 - 98*k - 552. Let s be d(-6). Calculate the greatest common factor of 10